culate the remainder when 3753 is divided by 71.
61
What is the remainder when 49411 is divided by 31?
28
Calculate the remainder when 423 is divided by 53.
52
What is the remainder when 999 is divided by 25?
24
Calculate the remainder when 344 is divided by 16.
8
Calculate the remainder when 320 is divided by 2.
0
What is the remainder when 1797 is divided by 36?
33
Calculate the remainder when 46 is divided by 9.
1
What is the remainder when 147 is divided by 32?
19
What is the remainder when 815 is divided by 34?
33
Calculate the remainder when 106 is divided by 9.
7
Calculate the remainder when 407 is divided by 136.
135
Calculate the remainder when 8772 is divided by 114.
108
Calculate the remainder when 816 is divided by 19.
18
Calculate the remainder when 171 is divided by 84.
3
What is the remainder when 17849 is divided by 25?
24
Calculate the remainder when 21 is divided by 9.
3
What is the remainder when 538 is divided by 11?
10
Calculate the remainder when 391 is divided by 49.
48
What is the remainder when 151 is divided by 37?
3
What is the remainder when 835 is divided by 60?
55
Calculate the remainder when 389 is divided by 40.
29
What is the remainder when 2398 is divided by 30?
28
What is the remainder when 7774 is divided by 101?
98
What is the remainder when 14627 is divided by 23?
22
Calculate the remainder when 168 is divided by 9.
6
What is the remainder when 984 is divided by 49?
4
Calculate the remainder when 102 is divided by 40.
22
What is the remainder when 608 is divided by 50?
8
Calculate the remainder when 361 is divided by 151.
59
Calculate the remainder when 359 is divided by 357.
2
Calculate the remainder when 4376 is divided by 30.
26
What is the remainder when 111 is divided by 64?
47
What is the remainder when 207 is divided by 38?
17
Calculate the remainder when 7330 is divided by 1830.
10
What is the remainder when 519 is divided by 86?
3
Calculate the remainder when 121 is divided by 44.
33
What is the remainder when 86 is divided by 6?
2
What is the remainder when 14110 is divided by 196?
194
Calculate the remainder when 68 is divided by 40.
28
What is the remainder when 198 is divided by 96?
6
What is the remainder when 6839 is divided by 8?
7
What is the remainder when 159 is divided by 23?
21
What is the remainder when 3050 is divided by 8?
2
What is the remainder when 595 is divided by 127?
87
Calculate the remainder when 3091 is divided by 9.
4
Calculate the remainder when 15 is divided by 6.
3
Calculate the remainder when 1403 is divided by 108.
107
Calculate the remainder when 2018 is divided by 92.
86
What is the remainder when 172 is divided by 58?
56
Calculate the remainder when 992 is divided by 100.
92
What is the remainder when 252 is divided by 44?
32
What is the remainder when 434 is divided by 169?
96
What is the remainder when 524 is divided by 126?
20
What is the remainder when 141 is divided by 76?
65
Calculate the remainder when 18 is divided by 15.
3
Calculate the remainder when 1438 is divided by 40.
38
Calculate the remainder when 171 is divided by 8.
3
Calculate the remainder when 317 is divided by 40.
37
What is the remainder when 1047 is divided by 14?
11
What is the remainder when 899 is divided by 21?
17
Calculate the remainder when 52 is divided by 44.
8
What is the remainder when 726 is divided by 74?
60
What is the remainder when 13280 is divided by 36?
32
What is the remainder when 509 is divided by 74?
65
What is the remainder when 623 is divided by 48?
47
Calculate the remainder when 75 is divided by 28.
19
Calculate the remainder when 73 is divided by 34.
5
Calculate the remainder when 632 is divided by 49.
44
What is the remainder when 78 is divided by 27?
24
Calculate the remainder when 40 is divided by 12.
4
Calculate the remainder when 6680 is divided by 41.
38
What is the remainder when 2311 is divided by 48?
7
What is the remainder when 197 is divided by 58?
23
Calculate the remainder when 175 is divided by 93.
82
What is the remainder when 368 is divided by 123?
122
What is the remainder when 86 is divided by 62?
24
What is the remainder when 1099 is divided by 9?
1
What is the remainder when 98 is divided by 83?
15
What is the remainder when 87 is divided by 20?
7
What is the remainder when 663 is divided by 98?
75
What is the remainder when 36 is divided by 11?
3
Calculate the remainder when 150 is divided by 78.
72
What is the remainder when 370 is divided by 328?
42
What is the remainder when 882 is divided by 68?
66
What is the remainder when 2470 is divided by 820?
10
Calculate the remainder when 210 is divided by 69.
3
Calculate the remainder when 454 is divided by 222.
10
What is the remainder when 155 is divided by 78?
77
Calculate the remainder when 115 is divided by 9.
7
Calculate the remainder when 533 is divided by 101.
28
What is the remainder when 17495 is divided by 81?
80
Calculate the remainder when 10637 is divided by 29.
23
Calculate the remainder when 304 is divided by 127.
50
What is the remainder when 472 is divided by 124?
100
Calculate the remainder when 2224 is divided by 93.
85
Calculate the remainder when 2337 is divided by 90.
87
What is the remainder when 4367 is divided by 1090?
7
What is the remainder when 635 is divided by 24?
11
Calculate the remainder when 404 is divided by 269.
135
Calculate the remainder when 163 is divided by 42.
37
Calculate the remainder when 46 is divided by 6.
4
Calculate the remainder when 4750 is divided by 88.
86
Calculate the remainder when 301 is divided by 275.
26
What is the remainder when 1296 is divided by 20?
16
What is the remainder when 111 is divided by 23?
19
Calculate the remainder when 244 is divided by 131.
113
Calculate the remainder when 366 is divided by 74.
70
Calculate the remainder when 1217 is divided by 29.
28
What is the remainder when 5243 is divided by 2619?
5
Calculate the remainder when 3162 is divided by 79.
2
What is the remainder when 26 is divided by 7?
5
Calculate the remainder when 688 is divided by 347.
341
What is the remainder when 786 is divided by 1?
0
Calculate the remainder when 1700 is divided by 1674.
26
What is the remainder when 161 is divided by 41?
38
What is the remainder when 33 is divided by 17?
16
What is the remainder when 142 is divided by 39?
25
What is the remainder when 69 is divided by 34?
1
Calculate the remainder when 30843 is divided by 97.
94
What is the remainder when 496 is divided by 473?
23
What is the remainder when 246 is divided by 182?
64
What is the remainder when 1803 is divided by 296?
27
What is the remainder when 56 is divided by 20?
16
Calculate the remainder when 303 is divided by 73.
11
Calculate the remainder when 907 is divided by 97.
34
Calculate the remainder when 1164 is divided by 380.
24
What is the remainder when 1166 is divided by 90?
86
Calculate the remainder when 1111 is divided by 140.
131
What is the remainder when 113 is divided by 69?
44
Calculate the remainder when 147 is divided by 131.
16
Calculate the remainder when 46 is divided by 27.
19
Calculate the remainder when 937 is divided by 67.
66
Calculate the remainder when 330 is divided by 311.
19
Calculate the remainder when 458 is divided by 78.
68
What is the remainder when 365 is divided by 31?
24
Calculate the remainder when 5459 is divided by 3.
2
Calculate the remainder when 1449 is divided by 204.
21
Calculate the remainder when 33 is divided by 12.
9
Calculate the remainder when 1307 is divided by 11.
9
Calculate the remainder when 662 is divided by 342.
320
What is the remainder when 1370 is divided by 678?
14
What is the remainder when 264 is divided by 20?
4
Calculate the remainder when 97 is divided by 58.
39
Calculate the remainder when 158 is divided by 16.
14
Calculate the remainder when 497 is divided by 256.
241
Calculate the remainder when 1116 is divided by 66.
60
Calculate the remainder when 1486 is divided by 60.
46
What is the remainder when 4261 is divided by 52?
49
Calculate the remainder when 238 is divided by 16.
14
What is the remainder when 815 is divided by 75?
65
Calculate the remainder when 115 is divided by 13.
11
What is the remainder when 179 is divided by 24?
11
What is the remainder when 73 is divided by 37?
36
What 